{"id":348,"date":"2022-02-08T13:48:38","date_gmt":"2022-02-08T12:48:38","guid":{"rendered":"https:\/\/www.ecoledelapaix.org\/wordpress\/?page_id=348"},"modified":"2023-03-08T16:47:53","modified_gmt":"2023-03-08T15:47:53","slug":"formations","status":"publish","type":"page","link":"https:\/\/www.ecoledelapaix.org\/wordpress\/formations\/","title":{"rendered":"Formations"},"content":{"rendered":"\n<div class=\"wp-block-columns is-layout-flex wp-container-core-columns-is-layout-28f84493 wp-block-columns-is-layout-flex\">\n<div class=\"wp-block-column is-layout-flow wp-block-column-is-layout-flow\" style=\"flex-basis:66.66%\">\n<p style=\"text-align: justify; margin: 0cm 0cm 0cm 2.85pt;\">Les probl\u00e8mes de violence se sont diversifi\u00e9s et complexifi\u00e9s. Les crises se multiplient, et se superposent. C\u2019est pourquoi l\u2019Edp r\u00e9pond aux nouvelles probl\u00e9matiques en travaillant au plus pr\u00e8s des pr\u00e9occupations des jeunes et des groupes sociaux en souffrance, et des besoins des \u00e9ducateurs.rices ou d\u2019autres acteurs de terrain, dans une d\u00e9marche de co\u00e9ducation.<\/p>\n<p style=\"text-align: justify; margin: 0cm 0cm 0cm 2.85pt;\">Les jeunes, en particulier, sont \u00e9galement invit\u00e9s \u00e0 utiliser diff\u00e9rents langages artistiques comme expression universelle des \u00e9motions et des id\u00e9es, conjuguant ainsi l\u2019art et la paix.<\/p>\n<p style=\"margin: 0cm; text-align: justify;\">Elle propose des espace-temps d\u2019\u00e9changes, de r\u00e9flexion sur le r\u00f4le d\u2019\u00e9ducateur ou d\u2019\u00e9ducatrice, et de sensibilisation \u00e0 la communication non violente aux professionnels de l\u2019\u00e9ducation.<\/p>\n<p>N&rsquo;h\u00e9sitez pas \u00e0 <a href=\"https:\/\/www.ecoledelapaix.org\/wordpress\/contact\/\"><span style=\"color: #0000ff;\">nous contacter<\/span><\/a> \u00e0 ce sujet !<\/p>\n<\/div>\n\n\n\n<div class=\"wp-block-column is-layout-flow wp-block-column-is-layout-flow\" style=\"flex-basis:33.33%\">\n<figure class=\"wp-block-image size-full is-resized\"><img decoding=\"async\" data-src=\"https:\/\/www.ecoledelapaix.org\/wordpress\/wp-content\/uploads\/2022\/02\/karimanim.jpg\" alt=\"\" class=\"wp-image-400 lazyload\" width=\"375\" height=\"220\" src=\"data:image\/svg+xml;base64,PHN2ZyB3aWR0aD0iMSIgaGVpZ2h0PSIxIiB4bWxucz0iaHR0cDovL3d3dy53My5vcmcvMjAwMC9zdmciPjwvc3ZnPg==\" style=\"--smush-placeholder-width: 375px; --smush-placeholder-aspect-ratio: 375\/220;\" \/><\/figure>\n<\/div>\n<\/div>\n\n\n\n<hr class=\"wp-block-separator has-alpha-channel-opacity is-style-wide\"\/>\n\n\n\n<h2 class=\"wp-block-heading\">Nos offres <\/h2>\n\n\n\n<p>\u2666 <strong>Formation de formateurs<\/strong><br>Un temps dans l\u2019ann\u00e9e pour apprendre \u00e0 mieux d\u00e9crypter les diff\u00e9rents types de langage, interpr\u00e9ter les r\u00e9actions, analyser les pratiques : Autant d\u2019\u00e9l\u00e9ments pour am\u00e9liorer la gestion d\u2019un groupe, \u00e9viter les d\u00e9rives et les relations qui conduisent aux conflits.<br><a href=\"https:\/\/www.ecoledelapaix.org\/wordpress\/contact\/\">R\u00e9server l\u2019animation<\/a><\/p>\n\n\n\n<p>\u2666 <strong>Animation ou formation de formateur sur demande<\/strong><br>Vous pouvez contacter le Pr\u00e9sident de l\u2019\u00e9cole de la paix, <a href=\"mailto:richard.petris@ecoledelapaix.org\">Richard P\u00e9tris<\/a>, qui fera une proposition pr\u00e9cise \u00e0 partir des objectifs fix\u00e9s.<\/p>\n","protected":false},"excerpt":{"rendered":"<p>Les probl\u00e8mes de violence se sont diversifi\u00e9s et complexifi\u00e9s. Les crises se multiplient, et se superposent. C\u2019est pourquoi l\u2019Edp r\u00e9pond<\/p>\n","protected":false},"author":2,"featured_media":0,"parent":0,"menu_order":0,"comment_status":"closed","ping_status":"closed","template":"","meta":{"footnotes":""},"class_list":["post-348","page","type-page","status-publish","hentry"],"yoast_head":"<!-- This site is optimized with the Yoast SEO plugin v26.3 - https:\/\/yoast.com\/wordpress\/plugins\/seo\/ -->\n<title>Formations - Ensemble,<\/title>\n<meta name=\"robots\" content=\"index, follow, max-snippet:-1, max-image-preview:large, max-video-preview:-1\" \/>\n<link rel=\"canonical\" href=\"https:\/\/www.ecoledelapaix.org\/wordpress\/formations\/\" \/>\n<meta property=\"og:locale\" content=\"fr_FR\" \/>\n<meta property=\"og:type\" content=\"article\" \/>\n<meta property=\"og:title\" content=\"Formations - Ensemble,\" \/>\n<meta property=\"og:description\" content=\"Les probl\u00e8mes de violence se sont diversifi\u00e9s et complexifi\u00e9s. Les crises se multiplient, et se superposent. C\u2019est pourquoi l\u2019Edp r\u00e9pond\" \/>\n<meta property=\"og:url\" content=\"https:\/\/www.ecoledelapaix.org\/wordpress\/formations\/\" \/>\n<meta property=\"og:site_name\" content=\"Ensemble,\" \/>\n<meta property=\"article:modified_time\" content=\"2023-03-08T15:47:53+00:00\" \/>\n<meta property=\"og:image\" content=\"https:\/\/www.ecoledelapaix.org\/wordpress\/wp-content\/uploads\/2022\/02\/karimanim.jpg\" \/>\n<meta name=\"twitter:card\" content=\"summary_large_image\" \/>\n<meta name=\"twitter:label1\" content=\"Dur\u00e9e de lecture estim\u00e9e\" \/>\n\t<meta name=\"twitter:data1\" content=\"2 minutes\" \/>\n<script type=\"application\/ld+json\" class=\"yoast-schema-graph\">{\"@context\":\"https:\/\/schema.org\",\"@graph\":[{\"@type\":\"WebPage\",\"@id\":\"https:\/\/www.ecoledelapaix.org\/wordpress\/formations\/\",\"url\":\"https:\/\/www.ecoledelapaix.org\/wordpress\/formations\/\",\"name\":\"Formations - Ensemble,\",\"isPartOf\":{\"@id\":\"https:\/\/www.ecoledelapaix.org\/wordpress\/#website\"},\"primaryImageOfPage\":{\"@id\":\"https:\/\/www.ecoledelapaix.org\/wordpress\/formations\/#primaryimage\"},\"image\":{\"@id\":\"https:\/\/www.ecoledelapaix.org\/wordpress\/formations\/#primaryimage\"},\"thumbnailUrl\":\"https:\/\/www.ecoledelapaix.org\/wordpress\/wp-content\/uploads\/2022\/02\/karimanim.jpg\",\"datePublished\":\"2022-02-08T12:48:38+00:00\",\"dateModified\":\"2023-03-08T15:47:53+00:00\",\"breadcrumb\":{\"@id\":\"https:\/\/www.ecoledelapaix.org\/wordpress\/formations\/#breadcrumb\"},\"inLanguage\":\"fr-FR\",\"potentialAction\":[{\"@type\":\"ReadAction\",\"target\":[\"https:\/\/www.ecoledelapaix.org\/wordpress\/formations\/\"]}]},{\"@type\":\"ImageObject\",\"inLanguage\":\"fr-FR\",\"@id\":\"https:\/\/www.ecoledelapaix.org\/wordpress\/formations\/#primaryimage\",\"url\":\"https:\/\/www.ecoledelapaix.org\/wordpress\/wp-content\/uploads\/2022\/02\/karimanim.jpg\",\"contentUrl\":\"https:\/\/www.ecoledelapaix.org\/wordpress\/wp-content\/uploads\/2022\/02\/karimanim.jpg\",\"width\":227,\"height\":133},{\"@type\":\"BreadcrumbList\",\"@id\":\"https:\/\/www.ecoledelapaix.org\/wordpress\/formations\/#breadcrumb\",\"itemListElement\":[{\"@type\":\"ListItem\",\"position\":1,\"name\":\"Accueil\",\"item\":\"http:\/\/www.ecoledelapaix.org\/wordpress\/\"},{\"@type\":\"ListItem\",\"position\":2,\"name\":\"Formations\"}]},{\"@type\":\"WebSite\",\"@id\":\"https:\/\/www.ecoledelapaix.org\/wordpress\/#website\",\"url\":\"https:\/\/www.ecoledelapaix.org\/wordpress\/\",\"name\":\"Ensemble,\",\"description\":\"agissons pour la paix par l&#039;\u00e9ducation\",\"publisher\":{\"@id\":\"https:\/\/www.ecoledelapaix.org\/wordpress\/#organization\"},\"potentialAction\":[{\"@type\":\"SearchAction\",\"target\":{\"@type\":\"EntryPoint\",\"urlTemplate\":\"https:\/\/www.ecoledelapaix.org\/wordpress\/?s={search_term_string}\"},\"query-input\":{\"@type\":\"PropertyValueSpecification\",\"valueRequired\":true,\"valueName\":\"search_term_string\"}}],\"inLanguage\":\"fr-FR\"},{\"@type\":\"Organization\",\"@id\":\"https:\/\/www.ecoledelapaix.org\/wordpress\/#organization\",\"name\":\"\u00c9cole de la paix\",\"url\":\"https:\/\/www.ecoledelapaix.org\/wordpress\/\",\"logo\":{\"@type\":\"ImageObject\",\"inLanguage\":\"fr-FR\",\"@id\":\"https:\/\/www.ecoledelapaix.org\/wordpress\/#\/schema\/logo\/image\/\",\"url\":\"https:\/\/www.ecoledelapaix.org\/wordpress\/wp-content\/uploads\/2022\/01\/cropped-LOGO.png\",\"contentUrl\":\"https:\/\/www.ecoledelapaix.org\/wordpress\/wp-content\/uploads\/2022\/01\/cropped-LOGO.png\",\"width\":200,\"height\":85,\"caption\":\"\u00c9cole de la paix\"},\"image\":{\"@id\":\"https:\/\/www.ecoledelapaix.org\/wordpress\/#\/schema\/logo\/image\/\"}}]}<\/script>\n<!-- \/ Yoast SEO plugin. -->","yoast_head_json":{"title":"Formations - Ensemble,","robots":{"index":"index","follow":"follow","max-snippet":"max-snippet:-1","max-image-preview":"max-image-preview:large","max-video-preview":"max-video-preview:-1"},"canonical":"https:\/\/www.ecoledelapaix.org\/wordpress\/formations\/","og_locale":"fr_FR","og_type":"article","og_title":"Formations - Ensemble,","og_description":"Les probl\u00e8mes de violence se sont diversifi\u00e9s et complexifi\u00e9s. Les crises se multiplient, et se superposent. C\u2019est pourquoi l\u2019Edp r\u00e9pond","og_url":"https:\/\/www.ecoledelapaix.org\/wordpress\/formations\/","og_site_name":"Ensemble,","article_modified_time":"2023-03-08T15:47:53+00:00","og_image":[{"url":"https:\/\/www.ecoledelapaix.org\/wordpress\/wp-content\/uploads\/2022\/02\/karimanim.jpg","type":"","width":"","height":""}],"twitter_card":"summary_large_image","twitter_misc":{"Dur\u00e9e de lecture estim\u00e9e":"2 minutes"},"schema":{"@context":"https:\/\/schema.org","@graph":[{"@type":"WebPage","@id":"https:\/\/www.ecoledelapaix.org\/wordpress\/formations\/","url":"https:\/\/www.ecoledelapaix.org\/wordpress\/formations\/","name":"Formations - Ensemble,","isPartOf":{"@id":"https:\/\/www.ecoledelapaix.org\/wordpress\/#website"},"primaryImageOfPage":{"@id":"https:\/\/www.ecoledelapaix.org\/wordpress\/formations\/#primaryimage"},"image":{"@id":"https:\/\/www.ecoledelapaix.org\/wordpress\/formations\/#primaryimage"},"thumbnailUrl":"https:\/\/www.ecoledelapaix.org\/wordpress\/wp-content\/uploads\/2022\/02\/karimanim.jpg","datePublished":"2022-02-08T12:48:38+00:00","dateModified":"2023-03-08T15:47:53+00:00","breadcrumb":{"@id":"https:\/\/www.ecoledelapaix.org\/wordpress\/formations\/#breadcrumb"},"inLanguage":"fr-FR","potentialAction":[{"@type":"ReadAction","target":["https:\/\/www.ecoledelapaix.org\/wordpress\/formations\/"]}]},{"@type":"ImageObject","inLanguage":"fr-FR","@id":"https:\/\/www.ecoledelapaix.org\/wordpress\/formations\/#primaryimage","url":"https:\/\/www.ecoledelapaix.org\/wordpress\/wp-content\/uploads\/2022\/02\/karimanim.jpg","contentUrl":"https:\/\/www.ecoledelapaix.org\/wordpress\/wp-content\/uploads\/2022\/02\/karimanim.jpg","width":227,"height":133},{"@type":"BreadcrumbList","@id":"https:\/\/www.ecoledelapaix.org\/wordpress\/formations\/#breadcrumb","itemListElement":[{"@type":"ListItem","position":1,"name":"Accueil","item":"http:\/\/www.ecoledelapaix.org\/wordpress\/"},{"@type":"ListItem","position":2,"name":"Formations"}]},{"@type":"WebSite","@id":"https:\/\/www.ecoledelapaix.org\/wordpress\/#website","url":"https:\/\/www.ecoledelapaix.org\/wordpress\/","name":"Ensemble,","description":"agissons pour la paix par l&#039;\u00e9ducation","publisher":{"@id":"https:\/\/www.ecoledelapaix.org\/wordpress\/#organization"},"potentialAction":[{"@type":"SearchAction","target":{"@type":"EntryPoint","urlTemplate":"https:\/\/www.ecoledelapaix.org\/wordpress\/?s={search_term_string}"},"query-input":{"@type":"PropertyValueSpecification","valueRequired":true,"valueName":"search_term_string"}}],"inLanguage":"fr-FR"},{"@type":"Organization","@id":"https:\/\/www.ecoledelapaix.org\/wordpress\/#organization","name":"\u00c9cole de la paix","url":"https:\/\/www.ecoledelapaix.org\/wordpress\/","logo":{"@type":"ImageObject","inLanguage":"fr-FR","@id":"https:\/\/www.ecoledelapaix.org\/wordpress\/#\/schema\/logo\/image\/","url":"https:\/\/www.ecoledelapaix.org\/wordpress\/wp-content\/uploads\/2022\/01\/cropped-LOGO.png","contentUrl":"https:\/\/www.ecoledelapaix.org\/wordpress\/wp-content\/uploads\/2022\/01\/cropped-LOGO.png","width":200,"height":85,"caption":"\u00c9cole de la paix"},"image":{"@id":"https:\/\/www.ecoledelapaix.org\/wordpress\/#\/schema\/logo\/image\/"}}]}},"_links":{"self":[{"href":"https:\/\/www.ecoledelapaix.org\/wordpress\/wp-json\/wp\/v2\/pages\/348","targetHints":{"allow":["GET"]}}],"collection":[{"href":"https:\/\/www.ecoledelapaix.org\/wordpress\/wp-json\/wp\/v2\/pages"}],"about":[{"href":"https:\/\/www.ecoledelapaix.org\/wordpress\/wp-json\/wp\/v2\/types\/page"}],"author":[{"embeddable":true,"href":"https:\/\/www.ecoledelapaix.org\/wordpress\/wp-json\/wp\/v2\/users\/2"}],"replies":[{"embeddable":true,"href":"https:\/\/www.ecoledelapaix.org\/wordpress\/wp-json\/wp\/v2\/comments?post=348"}],"version-history":[{"count":8,"href":"https:\/\/www.ecoledelapaix.org\/wordpress\/wp-json\/wp\/v2\/pages\/348\/revisions"}],"predecessor-version":[{"id":1120,"href":"https:\/\/www.ecoledelapaix.org\/wordpress\/wp-json\/wp\/v2\/pages\/348\/revisions\/1120"}],"wp:attachment":[{"href":"https:\/\/www.ecoledelapaix.org\/wordpress\/wp-json\/wp\/v2\/media?parent=348"}],"curies":[{"name":"wp","href":"https:\/\/api.w.org\/{rel}","templated":true}]}}

<div class="wp-block-columns is-layout-flex wp-container-core-columns-is-layout-28f84493 wp-block-columns-is-layout-flex">
<div class="wp-block-column is-layout-flow wp-block-column-is-layout-flow" style="flex-basis:66.66%">
<p style="text-align: justify; margin: 0cm 0cm 0cm 2.85pt;">Les problèmes de violence se sont diversifiés et complexifiés. Les crises se multiplient, et se superposent. C’est pourquoi l’Edp répond aux nouvelles problématiques en travaillant au plus près des préoccupations des jeunes et des groupes sociaux en souffrance, et des besoins des éducateurs.rices ou d’autres acteurs de terrain, dans une démarche de coéducation.</p>
<p style="text-align: justify; margin: 0cm 0cm 0cm 2.85pt;">Les jeunes, en particulier, sont également invités à utiliser différents langages artistiques comme expression universelle des émotions et des idées, conjuguant ainsi l’art et la paix.</p>
<p style="margin: 0cm; text-align: justify;">Elle propose des espace-temps d’échanges, de réflexion sur le rôle d’éducateur ou d’éducatrice, et de sensibilisation à la communication non violente aux professionnels de l’éducation.</p>
<p>N&rsquo;hésitez pas à <a href="https://www.ecoledelapaix.org/wordpress/contact/"><span style="color: #0000ff;">nous contacter</span></a> à ce sujet !</p>
</div>



<div class="wp-block-column is-layout-flow wp-block-column-is-layout-flow" style="flex-basis:33.33%">
<figure class="wp-block-image size-full is-resized"><img decoding="async" data-src="https://www.ecoledelapaix.org/wordpress/wp-content/uploads/2022/02/karimanim.jpg" alt="" class="wp-image-400 lazyload" width="375" height="220" src="data:image/svg+xml;base64,PHN2ZyB3aWR0aD0iMSIgaGVpZ2h0PSIxIiB4bWxucz0iaHR0cDovL3d3dy53My5vcmcvMjAwMC9zdmciPjwvc3ZnPg==" style="--smush-placeholder-width: 375px; --smush-placeholder-aspect-ratio: 375/220;" /></figure>
</div>
</div>



<hr class="wp-block-separator has-alpha-channel-opacity is-style-wide"/>



<h2 class="wp-block-heading">Nos offres </h2>



<p>♦ <strong>Formation de formateurs</strong><br>Un temps dans l’année pour apprendre à mieux décrypter les différents types de langage, interpréter les réactions, analyser les pratiques : Autant d’éléments pour améliorer la gestion d’un groupe, éviter les dérives et les relations qui conduisent aux conflits.<br><a href="https://www.ecoledelapaix.org/wordpress/contact/">Réserver l’animation</a></p>



<p>♦ <strong>Animation ou formation de formateur sur demande</strong><br>Vous pouvez contacter le Président de l’école de la paix, <a href="mailto:richard.petris@ecoledelapaix.org">Richard Pétris</a>, qui fera une proposition précise à partir des objectifs fixés.</p>

<p>Les problèmes de violence se sont diversifiés et complexifiés. Les crises se multiplient, et se superposent. C’est pourquoi l’Edp répond</p>

<!-- This site is optimized with the Yoast SEO plugin v26.3 - https://yoast.com/wordpress/plugins/seo/ -->
<title>Formations - Ensemble,</title>
<meta name="robots" content="index, follow, max-snippet:-1, max-image-preview:large, max-video-preview:-1" />
<link rel="canonical" href="https://www.ecoledelapaix.org/wordpress/formations/" />
<meta property="og:locale" content="fr_FR" />
<meta property="og:type" content="article" />
<meta property="og:title" content="Formations - Ensemble," />
<meta property="og:description" content="Les problèmes de violence se sont diversifiés et complexifiés. Les crises se multiplient, et se superposent. C’est pourquoi l’Edp répond" />
<meta property="og:url" content="https://www.ecoledelapaix.org/wordpress/formations/" />
<meta property="og:site_name" content="Ensemble," />
<meta property="article:modified_time" content="2023-03-08T15:47:53+00:00" />
<meta property="og:image" content="https://www.ecoledelapaix.org/wordpress/wp-content/uploads/2022/02/karimanim.jpg" />
<meta name="twitter:card" content="summary_large_image" />
<meta name="twitter:label1" content="Durée de lecture estimée" />
	<meta name="twitter:data1" content="2 minutes" />
<script type="application/ld+json" class="yoast-schema-graph">{"@context":"https://schema.org","@graph":[{"@type":"WebPage","@id":"https://www.ecoledelapaix.org/wordpress/formations/","url":"https://www.ecoledelapaix.org/wordpress/formations/","name":"Formations - Ensemble,","isPartOf":{"@id":"https://www.ecoledelapaix.org/wordpress/#website"},"primaryImageOfPage":{"@id":"https://www.ecoledelapaix.org/wordpress/formations/#primaryimage"},"image":{"@id":"https://www.ecoledelapaix.org/wordpress/formations/#primaryimage"},"thumbnailUrl":"https://www.ecoledelapaix.org/wordpress/wp-content/uploads/2022/02/karimanim.jpg","datePublished":"2022-02-08T12:48:38+00:00","dateModified":"2023-03-08T15:47:53+00:00","breadcrumb":{"@id":"https://www.ecoledelapaix.org/wordpress/formations/#breadcrumb"},"inLanguage":"fr-FR","potentialAction":[{"@type":"ReadAction","target":["https://www.ecoledelapaix.org/wordpress/formations/"]}]},{"@type":"ImageObject","inLanguage":"fr-FR","@id":"https://www.ecoledelapaix.org/wordpress/formations/#primaryimage","url":"https://www.ecoledelapaix.org/wordpress/wp-content/uploads/2022/02/karimanim.jpg","contentUrl":"https://www.ecoledelapaix.org/wordpress/wp-content/uploads/2022/02/karimanim.jpg","width":227,"height":133},{"@type":"BreadcrumbList","@id":"https://www.ecoledelapaix.org/wordpress/formations/#breadcrumb","itemListElement":[{"@type":"ListItem","position":1,"name":"Accueil","item":"http://www.ecoledelapaix.org/wordpress/"},{"@type":"ListItem","position":2,"name":"Formations"}]},{"@type":"WebSite","@id":"https://www.ecoledelapaix.org/wordpress/#website","url":"https://www.ecoledelapaix.org/wordpress/","name":"Ensemble,","description":"agissons pour la paix par l&#039;éducation","publisher":{"@id":"https://www.ecoledelapaix.org/wordpress/#organization"},"potentialAction":[{"@type":"SearchAction","target":{"@type":"EntryPoint","urlTemplate":"https://www.ecoledelapaix.org/wordpress/?s={search_term_string}"},"query-input":{"@type":"PropertyValueSpecification","valueRequired":true,"valueName":"search_term_string"}}],"inLanguage":"fr-FR"},{"@type":"Organization","@id":"https://www.ecoledelapaix.org/wordpress/#organization","name":"École de la paix","url":"https://www.ecoledelapaix.org/wordpress/","logo":{"@type":"ImageObject","inLanguage":"fr-FR","@id":"https://www.ecoledelapaix.org/wordpress/#/schema/logo/image/","url":"https://www.ecoledelapaix.org/wordpress/wp-content/uploads/2022/01/cropped-LOGO.png","contentUrl":"https://www.ecoledelapaix.org/wordpress/wp-content/uploads/2022/01/cropped-LOGO.png","width":200,"height":85,"caption":"École de la paix"},"image":{"@id":"https://www.ecoledelapaix.org/wordpress/#/schema/logo/image/"}}]}</script>
<!-- / Yoast SEO plugin. -->

Les problèmes de violence se sont diversifiés et complexifiés. Les crises se multiplient, et se superposent. C’est pourquoi l’Edp répond

agissons pour la paix par l&#039;éducation

École de la paix
