{"id":942,"date":"2023-02-14T15:33:44","date_gmt":"2023-02-14T14:33:44","guid":{"rendered":"https:\/\/www.ecoledelapaix.org\/wordpress\/?page_id=942"},"modified":"2023-03-08T18:08:33","modified_gmt":"2023-03-08T17:08:33","slug":"evenements","status":"publish","type":"page","link":"https:\/\/www.ecoledelapaix.org\/wordpress\/evenements\/","title":{"rendered":"Ev\u00e8nements"},"content":{"rendered":"\n<div class=\"wp-block-columns is-layout-flex wp-container-core-columns-is-layout-28f84493 wp-block-columns-is-layout-flex\">\n<div class=\"wp-block-column is-layout-flow wp-block-column-is-layout-flow\" style=\"flex-basis:33.33%\">\n<p>L&rsquo;Ecole de la paix organise r\u00e9guli\u00e8rement des \u00e9v\u00e8nements (forum, conf\u00e9rences, caf\u00e9s philo), seule ou avec ses partenaires.<\/p>\n<p>Elle participe \u00e9galement \u00e0 des action en France ou \u00e0 l&rsquo;\u00e9tranger autour de la paix et du vivre ensemble.<\/p>\n<p>Consultez nos actualit\u00e9s pour en savoir plus.<\/p>\n<\/div>\n\n\n\n<div class=\"wp-block-column is-layout-flow wp-block-column-is-layout-flow\" style=\"flex-basis:66.66%\">\n<figure class=\"wp-block-image size-full\"><img decoding=\"async\" data-src=\"https:\/\/www.ecoledelapaix.org\/wordpress\/wp-content\/uploads\/2022\/01\/8404_298_Tram-E-inauguration2.jpg\" alt=\"\" class=\"wp-image-276 lazyload\" src=\"data:image\/svg+xml;base64,PHN2ZyB3aWR0aD0iMSIgaGVpZ2h0PSIxIiB4bWxucz0iaHR0cDovL3d3dy53My5vcmcvMjAwMC9zdmciPjwvc3ZnPg==\" style=\"--smush-placeholder-width: 488px; --smush-placeholder-aspect-ratio: 488\/268;\" \/><\/figure>\n<\/div>\n<\/div>\n\n\n\n<div class=\"wp-block-columns is-layout-flex wp-container-core-columns-is-layout-28f84493 wp-block-columns-is-layout-flex\">\n<div class=\"wp-block-column is-layout-flow wp-block-column-is-layout-flow\" style=\"flex-basis:66.66%\"><\/div>\n\n\n\n<div class=\"wp-block-column is-layout-flow wp-block-column-is-layout-flow\" style=\"flex-basis:33.33%\"><\/div>\n<\/div>\n\n\n\n<p><\/p>\n\n\n\n<p><\/p>\n","protected":false},"excerpt":{"rendered":"<p>L&rsquo;Ecole de la paix organise r\u00e9guli\u00e8rement des \u00e9v\u00e8nements (forum, conf\u00e9rences, caf\u00e9s philo), seule ou avec ses partenaires. Elle participe \u00e9galement<\/p>\n","protected":false},"author":4,"featured_media":0,"parent":0,"menu_order":0,"comment_status":"closed","ping_status":"closed","template":"","meta":{"footnotes":""},"class_list":["post-942","page","type-page","status-publish","hentry"],"yoast_head":"<!-- This site is optimized with the Yoast SEO plugin v26.3 - https:\/\/yoast.com\/wordpress\/plugins\/seo\/ -->\n<title>Ev\u00e8nements - Ensemble,<\/title>\n<meta name=\"robots\" content=\"index, follow, max-snippet:-1, max-image-preview:large, max-video-preview:-1\" \/>\n<link rel=\"canonical\" href=\"https:\/\/www.ecoledelapaix.org\/wordpress\/evenements\/\" \/>\n<meta property=\"og:locale\" content=\"fr_FR\" \/>\n<meta property=\"og:type\" content=\"article\" \/>\n<meta property=\"og:title\" content=\"Ev\u00e8nements - Ensemble,\" \/>\n<meta property=\"og:description\" content=\"L&rsquo;Ecole de la paix organise r\u00e9guli\u00e8rement des \u00e9v\u00e8nements (forum, conf\u00e9rences, caf\u00e9s philo), seule ou avec ses partenaires. Elle participe \u00e9galement\" \/>\n<meta property=\"og:url\" content=\"https:\/\/www.ecoledelapaix.org\/wordpress\/evenements\/\" \/>\n<meta property=\"og:site_name\" content=\"Ensemble,\" \/>\n<meta property=\"article:modified_time\" content=\"2023-03-08T17:08:33+00:00\" \/>\n<meta property=\"og:image\" content=\"https:\/\/www.ecoledelapaix.org\/wordpress\/wp-content\/uploads\/2022\/01\/8404_298_Tram-E-inauguration2.jpg\" \/>\n<meta name=\"twitter:card\" content=\"summary_large_image\" \/>\n<meta name=\"twitter:label1\" content=\"Dur\u00e9e de lecture estim\u00e9e\" \/>\n\t<meta name=\"twitter:data1\" content=\"1 minute\" \/>\n<script type=\"application\/ld+json\" class=\"yoast-schema-graph\">{\"@context\":\"https:\/\/schema.org\",\"@graph\":[{\"@type\":\"WebPage\",\"@id\":\"https:\/\/www.ecoledelapaix.org\/wordpress\/evenements\/\",\"url\":\"https:\/\/www.ecoledelapaix.org\/wordpress\/evenements\/\",\"name\":\"Ev\u00e8nements - Ensemble,\",\"isPartOf\":{\"@id\":\"https:\/\/www.ecoledelapaix.org\/wordpress\/#website\"},\"primaryImageOfPage\":{\"@id\":\"https:\/\/www.ecoledelapaix.org\/wordpress\/evenements\/#primaryimage\"},\"image\":{\"@id\":\"https:\/\/www.ecoledelapaix.org\/wordpress\/evenements\/#primaryimage\"},\"thumbnailUrl\":\"https:\/\/www.ecoledelapaix.org\/wordpress\/wp-content\/uploads\/2022\/01\/8404_298_Tram-E-inauguration2.jpg\",\"datePublished\":\"2023-02-14T14:33:44+00:00\",\"dateModified\":\"2023-03-08T17:08:33+00:00\",\"breadcrumb\":{\"@id\":\"https:\/\/www.ecoledelapaix.org\/wordpress\/evenements\/#breadcrumb\"},\"inLanguage\":\"fr-FR\",\"potentialAction\":[{\"@type\":\"ReadAction\",\"target\":[\"https:\/\/www.ecoledelapaix.org\/wordpress\/evenements\/\"]}]},{\"@type\":\"ImageObject\",\"inLanguage\":\"fr-FR\",\"@id\":\"https:\/\/www.ecoledelapaix.org\/wordpress\/evenements\/#primaryimage\",\"url\":\"https:\/\/www.ecoledelapaix.org\/wordpress\/wp-content\/uploads\/2022\/01\/8404_298_Tram-E-inauguration2-e1678727246222.jpg\",\"contentUrl\":\"https:\/\/www.ecoledelapaix.org\/wordpress\/wp-content\/uploads\/2022\/01\/8404_298_Tram-E-inauguration2-e1678727246222.jpg\",\"width\":350,\"height\":192},{\"@type\":\"BreadcrumbList\",\"@id\":\"https:\/\/www.ecoledelapaix.org\/wordpress\/evenements\/#breadcrumb\",\"itemListElement\":[{\"@type\":\"ListItem\",\"position\":1,\"name\":\"Accueil\",\"item\":\"http:\/\/www.ecoledelapaix.org\/wordpress\/\"},{\"@type\":\"ListItem\",\"position\":2,\"name\":\"Ev\u00e8nements\"}]},{\"@type\":\"WebSite\",\"@id\":\"https:\/\/www.ecoledelapaix.org\/wordpress\/#website\",\"url\":\"https:\/\/www.ecoledelapaix.org\/wordpress\/\",\"name\":\"Ensemble,\",\"description\":\"agissons pour la paix par l&#039;\u00e9ducation\",\"publisher\":{\"@id\":\"https:\/\/www.ecoledelapaix.org\/wordpress\/#organization\"},\"potentialAction\":[{\"@type\":\"SearchAction\",\"target\":{\"@type\":\"EntryPoint\",\"urlTemplate\":\"https:\/\/www.ecoledelapaix.org\/wordpress\/?s={search_term_string}\"},\"query-input\":{\"@type\":\"PropertyValueSpecification\",\"valueRequired\":true,\"valueName\":\"search_term_string\"}}],\"inLanguage\":\"fr-FR\"},{\"@type\":\"Organization\",\"@id\":\"https:\/\/www.ecoledelapaix.org\/wordpress\/#organization\",\"name\":\"\u00c9cole de la paix\",\"url\":\"https:\/\/www.ecoledelapaix.org\/wordpress\/\",\"logo\":{\"@type\":\"ImageObject\",\"inLanguage\":\"fr-FR\",\"@id\":\"https:\/\/www.ecoledelapaix.org\/wordpress\/#\/schema\/logo\/image\/\",\"url\":\"https:\/\/www.ecoledelapaix.org\/wordpress\/wp-content\/uploads\/2022\/01\/cropped-LOGO.png\",\"contentUrl\":\"https:\/\/www.ecoledelapaix.org\/wordpress\/wp-content\/uploads\/2022\/01\/cropped-LOGO.png\",\"width\":200,\"height\":85,\"caption\":\"\u00c9cole de la paix\"},\"image\":{\"@id\":\"https:\/\/www.ecoledelapaix.org\/wordpress\/#\/schema\/logo\/image\/\"}}]}<\/script>\n<!-- \/ Yoast SEO plugin. -->","yoast_head_json":{"title":"Ev\u00e8nements - Ensemble,","robots":{"index":"index","follow":"follow","max-snippet":"max-snippet:-1","max-image-preview":"max-image-preview:large","max-video-preview":"max-video-preview:-1"},"canonical":"https:\/\/www.ecoledelapaix.org\/wordpress\/evenements\/","og_locale":"fr_FR","og_type":"article","og_title":"Ev\u00e8nements - Ensemble,","og_description":"L&rsquo;Ecole de la paix organise r\u00e9guli\u00e8rement des \u00e9v\u00e8nements (forum, conf\u00e9rences, caf\u00e9s philo), seule ou avec ses partenaires. Elle participe \u00e9galement","og_url":"https:\/\/www.ecoledelapaix.org\/wordpress\/evenements\/","og_site_name":"Ensemble,","article_modified_time":"2023-03-08T17:08:33+00:00","og_image":[{"url":"https:\/\/www.ecoledelapaix.org\/wordpress\/wp-content\/uploads\/2022\/01\/8404_298_Tram-E-inauguration2.jpg","type":"","width":"","height":""}],"twitter_card":"summary_large_image","twitter_misc":{"Dur\u00e9e de lecture estim\u00e9e":"1 minute"},"schema":{"@context":"https:\/\/schema.org","@graph":[{"@type":"WebPage","@id":"https:\/\/www.ecoledelapaix.org\/wordpress\/evenements\/","url":"https:\/\/www.ecoledelapaix.org\/wordpress\/evenements\/","name":"Ev\u00e8nements - Ensemble,","isPartOf":{"@id":"https:\/\/www.ecoledelapaix.org\/wordpress\/#website"},"primaryImageOfPage":{"@id":"https:\/\/www.ecoledelapaix.org\/wordpress\/evenements\/#primaryimage"},"image":{"@id":"https:\/\/www.ecoledelapaix.org\/wordpress\/evenements\/#primaryimage"},"thumbnailUrl":"https:\/\/www.ecoledelapaix.org\/wordpress\/wp-content\/uploads\/2022\/01\/8404_298_Tram-E-inauguration2.jpg","datePublished":"2023-02-14T14:33:44+00:00","dateModified":"2023-03-08T17:08:33+00:00","breadcrumb":{"@id":"https:\/\/www.ecoledelapaix.org\/wordpress\/evenements\/#breadcrumb"},"inLanguage":"fr-FR","potentialAction":[{"@type":"ReadAction","target":["https:\/\/www.ecoledelapaix.org\/wordpress\/evenements\/"]}]},{"@type":"ImageObject","inLanguage":"fr-FR","@id":"https:\/\/www.ecoledelapaix.org\/wordpress\/evenements\/#primaryimage","url":"https:\/\/www.ecoledelapaix.org\/wordpress\/wp-content\/uploads\/2022\/01\/8404_298_Tram-E-inauguration2-e1678727246222.jpg","contentUrl":"https:\/\/www.ecoledelapaix.org\/wordpress\/wp-content\/uploads\/2022\/01\/8404_298_Tram-E-inauguration2-e1678727246222.jpg","width":350,"height":192},{"@type":"BreadcrumbList","@id":"https:\/\/www.ecoledelapaix.org\/wordpress\/evenements\/#breadcrumb","itemListElement":[{"@type":"ListItem","position":1,"name":"Accueil","item":"http:\/\/www.ecoledelapaix.org\/wordpress\/"},{"@type":"ListItem","position":2,"name":"Ev\u00e8nements"}]},{"@type":"WebSite","@id":"https:\/\/www.ecoledelapaix.org\/wordpress\/#website","url":"https:\/\/www.ecoledelapaix.org\/wordpress\/","name":"Ensemble,","description":"agissons pour la paix par l&#039;\u00e9ducation","publisher":{"@id":"https:\/\/www.ecoledelapaix.org\/wordpress\/#organization"},"potentialAction":[{"@type":"SearchAction","target":{"@type":"EntryPoint","urlTemplate":"https:\/\/www.ecoledelapaix.org\/wordpress\/?s={search_term_string}"},"query-input":{"@type":"PropertyValueSpecification","valueRequired":true,"valueName":"search_term_string"}}],"inLanguage":"fr-FR"},{"@type":"Organization","@id":"https:\/\/www.ecoledelapaix.org\/wordpress\/#organization","name":"\u00c9cole de la paix","url":"https:\/\/www.ecoledelapaix.org\/wordpress\/","logo":{"@type":"ImageObject","inLanguage":"fr-FR","@id":"https:\/\/www.ecoledelapaix.org\/wordpress\/#\/schema\/logo\/image\/","url":"https:\/\/www.ecoledelapaix.org\/wordpress\/wp-content\/uploads\/2022\/01\/cropped-LOGO.png","contentUrl":"https:\/\/www.ecoledelapaix.org\/wordpress\/wp-content\/uploads\/2022\/01\/cropped-LOGO.png","width":200,"height":85,"caption":"\u00c9cole de la paix"},"image":{"@id":"https:\/\/www.ecoledelapaix.org\/wordpress\/#\/schema\/logo\/image\/"}}]}},"_links":{"self":[{"href":"https:\/\/www.ecoledelapaix.org\/wordpress\/wp-json\/wp\/v2\/pages\/942","targetHints":{"allow":["GET"]}}],"collection":[{"href":"https:\/\/www.ecoledelapaix.org\/wordpress\/wp-json\/wp\/v2\/pages"}],"about":[{"href":"https:\/\/www.ecoledelapaix.org\/wordpress\/wp-json\/wp\/v2\/types\/page"}],"author":[{"embeddable":true,"href":"https:\/\/www.ecoledelapaix.org\/wordpress\/wp-json\/wp\/v2\/users\/4"}],"replies":[{"embeddable":true,"href":"https:\/\/www.ecoledelapaix.org\/wordpress\/wp-json\/wp\/v2\/comments?post=942"}],"version-history":[{"count":6,"href":"https:\/\/www.ecoledelapaix.org\/wordpress\/wp-json\/wp\/v2\/pages\/942\/revisions"}],"predecessor-version":[{"id":1195,"href":"https:\/\/www.ecoledelapaix.org\/wordpress\/wp-json\/wp\/v2\/pages\/942\/revisions\/1195"}],"wp:attachment":[{"href":"https:\/\/www.ecoledelapaix.org\/wordpress\/wp-json\/wp\/v2\/media?parent=942"}],"curies":[{"name":"wp","href":"https:\/\/api.w.org\/{rel}","templated":true}]}}

Evènements

<div class="wp-block-columns is-layout-flex wp-container-core-columns-is-layout-28f84493 wp-block-columns-is-layout-flex">
<div class="wp-block-column is-layout-flow wp-block-column-is-layout-flow" style="flex-basis:33.33%">
<p>L&rsquo;Ecole de la paix organise régulièrement des évènements (forum, conférences, cafés philo), seule ou avec ses partenaires.</p>
<p>Elle participe également à des action en France ou à l&rsquo;étranger autour de la paix et du vivre ensemble.</p>
<p>Consultez nos actualités pour en savoir plus.</p>
</div>



<div class="wp-block-column is-layout-flow wp-block-column-is-layout-flow" style="flex-basis:66.66%">
<figure class="wp-block-image size-full"><img decoding="async" data-src="https://www.ecoledelapaix.org/wordpress/wp-content/uploads/2022/01/8404_298_Tram-E-inauguration2.jpg" alt="" class="wp-image-276 lazyload" src="data:image/svg+xml;base64,PHN2ZyB3aWR0aD0iMSIgaGVpZ2h0PSIxIiB4bWxucz0iaHR0cDovL3d3dy53My5vcmcvMjAwMC9zdmciPjwvc3ZnPg==" style="--smush-placeholder-width: 488px; --smush-placeholder-aspect-ratio: 488/268;" /></figure>
</div>
</div>



<div class="wp-block-columns is-layout-flex wp-container-core-columns-is-layout-28f84493 wp-block-columns-is-layout-flex">
<div class="wp-block-column is-layout-flow wp-block-column-is-layout-flow" style="flex-basis:66.66%"></div>



<div class="wp-block-column is-layout-flow wp-block-column-is-layout-flow" style="flex-basis:33.33%"></div>
</div>



<p></p>



<p></p>

<p>L&rsquo;Ecole de la paix organise régulièrement des évènements (forum, conférences, cafés philo), seule ou avec ses partenaires. Elle participe également</p>

<!-- This site is optimized with the Yoast SEO plugin v26.3 - https://yoast.com/wordpress/plugins/seo/ -->
<title>Evènements - Ensemble,</title>
<meta name="robots" content="index, follow, max-snippet:-1, max-image-preview:large, max-video-preview:-1" />
<link rel="canonical" href="https://www.ecoledelapaix.org/wordpress/evenements/" />
<meta property="og:locale" content="fr_FR" />
<meta property="og:type" content="article" />
<meta property="og:title" content="Evènements - Ensemble," />
<meta property="og:description" content="L&rsquo;Ecole de la paix organise régulièrement des évènements (forum, conférences, cafés philo), seule ou avec ses partenaires. Elle participe également" />
<meta property="og:url" content="https://www.ecoledelapaix.org/wordpress/evenements/" />
<meta property="og:site_name" content="Ensemble," />
<meta property="article:modified_time" content="2023-03-08T17:08:33+00:00" />
<meta property="og:image" content="https://www.ecoledelapaix.org/wordpress/wp-content/uploads/2022/01/8404_298_Tram-E-inauguration2.jpg" />
<meta name="twitter:card" content="summary_large_image" />
<meta name="twitter:label1" content="Durée de lecture estimée" />
	<meta name="twitter:data1" content="1 minute" />
<script type="application/ld+json" class="yoast-schema-graph">{"@context":"https://schema.org","@graph":[{"@type":"WebPage","@id":"https://www.ecoledelapaix.org/wordpress/evenements/","url":"https://www.ecoledelapaix.org/wordpress/evenements/","name":"Evènements - Ensemble,","isPartOf":{"@id":"https://www.ecoledelapaix.org/wordpress/#website"},"primaryImageOfPage":{"@id":"https://www.ecoledelapaix.org/wordpress/evenements/#primaryimage"},"image":{"@id":"https://www.ecoledelapaix.org/wordpress/evenements/#primaryimage"},"thumbnailUrl":"https://www.ecoledelapaix.org/wordpress/wp-content/uploads/2022/01/8404_298_Tram-E-inauguration2.jpg","datePublished":"2023-02-14T14:33:44+00:00","dateModified":"2023-03-08T17:08:33+00:00","breadcrumb":{"@id":"https://www.ecoledelapaix.org/wordpress/evenements/#breadcrumb"},"inLanguage":"fr-FR","potentialAction":[{"@type":"ReadAction","target":["https://www.ecoledelapaix.org/wordpress/evenements/"]}]},{"@type":"ImageObject","inLanguage":"fr-FR","@id":"https://www.ecoledelapaix.org/wordpress/evenements/#primaryimage","url":"https://www.ecoledelapaix.org/wordpress/wp-content/uploads/2022/01/8404_298_Tram-E-inauguration2-e1678727246222.jpg","contentUrl":"https://www.ecoledelapaix.org/wordpress/wp-content/uploads/2022/01/8404_298_Tram-E-inauguration2-e1678727246222.jpg","width":350,"height":192},{"@type":"BreadcrumbList","@id":"https://www.ecoledelapaix.org/wordpress/evenements/#breadcrumb","itemListElement":[{"@type":"ListItem","position":1,"name":"Accueil","item":"http://www.ecoledelapaix.org/wordpress/"},{"@type":"ListItem","position":2,"name":"Evènements"}]},{"@type":"WebSite","@id":"https://www.ecoledelapaix.org/wordpress/#website","url":"https://www.ecoledelapaix.org/wordpress/","name":"Ensemble,","description":"agissons pour la paix par l&#039;éducation","publisher":{"@id":"https://www.ecoledelapaix.org/wordpress/#organization"},"potentialAction":[{"@type":"SearchAction","target":{"@type":"EntryPoint","urlTemplate":"https://www.ecoledelapaix.org/wordpress/?s={search_term_string}"},"query-input":{"@type":"PropertyValueSpecification","valueRequired":true,"valueName":"search_term_string"}}],"inLanguage":"fr-FR"},{"@type":"Organization","@id":"https://www.ecoledelapaix.org/wordpress/#organization","name":"École de la paix","url":"https://www.ecoledelapaix.org/wordpress/","logo":{"@type":"ImageObject","inLanguage":"fr-FR","@id":"https://www.ecoledelapaix.org/wordpress/#/schema/logo/image/","url":"https://www.ecoledelapaix.org/wordpress/wp-content/uploads/2022/01/cropped-LOGO.png","contentUrl":"https://www.ecoledelapaix.org/wordpress/wp-content/uploads/2022/01/cropped-LOGO.png","width":200,"height":85,"caption":"École de la paix"},"image":{"@id":"https://www.ecoledelapaix.org/wordpress/#/schema/logo/image/"}}]}</script>
<!-- / Yoast SEO plugin. -->

Evènements - Ensemble,

L&rsquo;Ecole de la paix organise régulièrement des évènements (forum, conférences, cafés philo), seule ou avec ses partenaires. Elle participe également

agissons pour la paix par l&#039;éducation

École de la paix
